9?
3, 7, 157
List the prime factors of 767498.
2, 31, 12379
List the prime factors of 3327572.
2, 831893
What are the prime factors of 905660?
2, 5, 7, 6469
List the prime factors of 168076.
2, 42019
List the prime factors of 346684.
2, 13, 59, 113
List the prime factors of 1494661.
7, 213523
What are the prime factors of 2838045?
3, 5, 7, 151, 179
What are the prime factors of 1409015?
5, 281803
List the prime factors of 760852.
2, 17, 67, 167
What are the prime factors of 6239788?
2, 167, 9341
List the prime factors of 14053660.
2, 5, 702683
What are the prime factors of 25984?
2, 7, 29
List the prime factors of 807919.
7, 211, 547
List the prime factors of 6937347.
3, 61, 167, 227
What are the prime factors of 94997?
7, 41, 331
List the prime factors of 160535.
5, 97, 331
What are the prime factors of 384615?
3, 5, 7, 11, 37
What are the prime factors of 1298479?
7, 13, 19, 751
What are the prime factors of 6900211?
19, 47, 7727
List the prime factors of 936229.
7, 79, 1693
List the prime factors of 758087.
11, 68917
List the prime factors of 279077.
149, 1873
What are the prime factors of 2196522?
2, 3, 122029
What are the prime factors of 41693?
173, 241
What are the prime factors of 1648635?
3, 5, 131, 839
List the prime factors of 303477.
3, 101159
List the prime factors of 814184.
2, 7, 31, 67
List the prime factors of 1239892.
2, 401, 773
List the prime factors of 7052210.
2, 5, 11, 61, 1051
What are the prime factors of 16096948?
2, 7, 53, 10847
What are the prime factors of 6055269?
3, 11, 281, 653
List the prime factors of 707561.
707561
What are the prime factors of 539552?
2, 13, 1297
List the prime factors of 3866429.
7, 17, 32491
List the prime factors of 140642.
2, 70321
List the prime factors of 7961467.
1151, 6917
What are the prime factors of 2867079?
3, 955693
List the prime factors of 199432.
2, 97, 257
List the prime factors of 7092892.
2, 139, 12757
List the prime factors of 523963.
11, 19, 23, 109
What are the prime factors of 31106510?
2, 5, 3110651
List the prime factors of 5323179.
3, 89, 19937
What are the prime factors of 573014?
2, 13, 22039
What are the prime factors of 372467?
59, 107
List the prime factors of 9090.
2, 3, 5, 101
What are the prime factors of 3233443?
3233443
What are the prime factors of 4925545?
5, 985109
What are the prime factors of 1280760?
2, 3, 5, 13, 821
List the prime factors of 917365.
5, 183473
What are the prime factors of 831239?
831239
What are the prime factors of 170657?
47, 3631
What are the prime factors of 1883562?
2, 3, 23, 13649
What are the prime factors of 368024?
2, 179, 257
What are the prime factors of 27295382?
2, 71, 211, 911
List the prime factors of 4794871.
59, 181, 449
What are the prime factors of 95959?
95959
What are the prime factors of 321268?
2, 80317
What are the prime factors of 32845350?
2, 3, 5, 218969
What are the prime factors of 801485?
5, 157, 1021
What are the prime factors of 3746192?
2, 19, 12323
What are the prime factors of 7169055?
3, 5, 41, 11657
What are the prime factors of 1197397?
997, 1201
What are the prime factors of 66961?
29, 2309
List the prime factors of 20663.
20663
What are the prime factors of 17251931?
107, 161233
What are the prime factors of 244025?
5, 43, 227
What are the prime factors of 348514?
2, 174257
List the prime factors of 3354167.
271, 12377
What are the prime factors of 104164?
2, 26041
What are the prime factors of 9374652?
2, 3, 7, 37201
List the prime factors of 290860.
2, 5, 14543
List the prime factors of 115992.
2, 3, 179
What are the prime factors of 2128878?
2, 3, 101, 1171
List the prime factors of 250832.
2, 61, 257
List the prime factors of 577382.
2, 13, 53, 419
What are the prime factors of 112969?
173, 653
What are the prime factors of 7289336?
2, 911167
List the prime factors of 216387.
3, 24043
List the prime factors of 310382.
2, 155191
What are the prime factors of 10164759?
3, 11, 17, 18119
List the prime factors of 518063.
7, 13, 5693
List the prime factors of 532495.
5, 281, 379
What are the prime factors of 3585129?
3, 19, 62897
List the prime factors of 1020670.
2, 5, 7, 2083
List the prime factors of 10952824.
2, 1369103
List the prime factors of 2363975.
5, 94559
What are the prime factors of 6938037?
3, 761, 1013
List the prime factors of 735975.
3, 5, 3271
What are the prime factors of 19401471?
3, 17, 43, 983
What are the prime factors of 1692846?
2, 3, 23, 29, 47
List the prime factors of 1845178.
2, 491, 1879
What are the prime factors of 1860036?
2, 3, 155003
List the prime factors of 215858.
2, 37, 2917
List the prime factors of 47267.
11, 4297
What are the prime factors of 267083?
19, 14057
List the prime factors of 102759.
3, 34253
What are the prime factors of 1911564?
2, 3, 29, 1831
What are the prime factors of 227417?
277, 821
List the prime factors of 28412.
2, 7103
What are the prime factors of 17581875?
3, 5, 9377
What are the prime factors of 7593825?
3, 5, 19, 73
List the prime factors of 7017932.
2, 59, 131, 227
What are the prime factors of 344685?
3, 5, 11, 2089
List the prime factors of 16825213.
23, 731531
List the prime factors of 251211.
3, 83737
List the prime factors of 2894629.
2894629
List the prime factors of 282254.
2, 7, 20161
List the prime factors of 65444.
2, 16361
What are the prime factors of 7033229?
7, 1004747
What are the prime factors of 268177?
7, 13, 421
What are the prime factors of 778495?
5, 155699
What are the prime factors of 287207?
53, 5419
What are the prime factors of 14026106?
2, 7013053
What are the prime factors of 534139?
293, 1823
List the prime factors of 206132.
2, 29, 1777
List the prime factors of 204459.
3, 17, 19, 211
List the prime factors of 1253497.
7, 331, 541
List the prime factors of 4800.
2, 3, 5
List the prime factors of 935713.
433, 2161
List the prime factors of 15359786.
2, 13, 337, 1753
What are the prime factors of 217419?
3, 23, 137
What are the prime factors of 3036188?
2, 759047
List the prime factors of 5072092.
2, 607, 2089
List the prime factors of 3249265.
5, 31, 20963
List the prime factors of 12305738.
2, 6152869
List the prime factors of 106977.
3, 13, 211
What are the prime factors of 2661340?
2, 5, 11, 12097
List the prime factors of 13067867.
13067867
What are the prime factors of 4000565?
5, 800113
List the prime factors of 3239544.
2, 3, 7, 11, 1753
What are the prime factors of 118771?
73, 1627
List the prime factors of 2934561.
3, 7, 19963
List the prime factors of 9252691.
7, 1321813
What are the prime factors of 1674229?
107, 15647
List the prime factors of 273905.
5, 29, 1889
List the prime factors of 625632.
2, 3, 7, 19
List the prime factors of 828118.
2, 41, 10099
List the prime factors of 1722451.
41, 43, 977
What are the prime factors of 5365945?
5, 13, 31, 2663
What are the prime factors of 94833?
3, 41, 257
What are the prime factors of 1303623?
3, 144847
What are the prime factors of 112893?
3, 11, 311
What are the prime factors of 3590485?
5, 17, 53, 797
What are the prime factors of 12489920?
2, 5, 23, 1697
List the prime factors of 96664.
2, 43, 281
What are the prime factors of 491301?
3, 79, 691
List the prime factors of 9040214.
2, 1303, 3469
List the prime factors of 789996.
2, 3, 43, 1531
What are the prime factors of 162712?
2, 11, 43
What are the prime factors of 314035?
5, 181, 347
What are the prime factors of 15044226?
2, 3, 929, 2699
What are the prime factors of 2871256?
2, 358907
List the prime factors of 336501.
3, 11, 103
List the prime factors of 915752.
2, 113, 1013
What are the prime factors of 911602?
2, 67, 6803
What are the prime factors of 1954315?
5, 11, 35533
What are the prime factors of 2449315?
5, 11, 44533
List the prime factors of 494036.
2, 113, 1093
What are the prime factors of 2719016?
2, 71, 4787
List the prime factors of 192289.
37, 5197
What are the prime factors of 2910948?
2, 3, 73, 3323
What are the prime factors of 115190?
2, 5, 11519
What are the prime factors of 2849201?
2849201
What are the prime factors of 530343?
3, 11, 487
List the prime factors of 217602.
2, 3, 7, 11, 157
What are the prime factors of 9186599?
9186599
What are the prime factors of 24341338?
2, 7, 37, 137
List the prime factors of 10586820.
2, 3, 5, 101, 1747
What are 